late the greatest common factor of f and 7.
7
Let y(o) = o**3 - 18*o**2 - 3*o - 51. Let n be y(19). What is the highest common factor of n and 23?
23
Suppose 0 = 5*h + 15, q - 30 + 5 = 3*h. Let m be 8/q + 2/4. What is the greatest common divisor of m and 4?
1
Let h = -14 + 20. Let x(y) = 4*y + 4. Let i be x(h). Suppose 37 = 5*w + 2. What is the greatest common divisor of w and i?
7
Let b be (32/28)/((-4)/(-14)). Suppose a = -b*a + 3*r - 4, -a - 14 = -5*r. Calculate the greatest common factor of a and 3.
1
Suppose -43 = -5*r + 2. Let u be 2 + -4 + (-1)/(2/(-38)). Suppose -27 = -u*x + 16*x. Calculate the highest common factor of r and x.
9
Let c be (-4)/6*405/(-54). What is the highest common divisor of 120 and c?
5
Let x(n) = 3*n - 2. Let r be x(1). Let o be (-37 + 9)/(r/(-7)). What is the highest common factor of 28 and o?
28
Let s(y) = 63*y - 12. Let i be s(7). What is the greatest common divisor of 39 and i?
39
Let w(i) be the third derivative of -i**6/120 + i**5/10 + i**4/24 + 2*i**3/3 + 13*i**2. Let h be w(6). What is the greatest common factor of h and 60?
10
Let k = -322 + 514. Let m = 26 + -2. What is the highest common divisor of k and m?
24
Let r = 64 - 49. Let j = -89 - -92. Calculate the highest common factor of r and j.
3
Let k(n) = 2*n - 5. Let x be k(8). Suppose 2*h - 7 = x. Let t be 2/h - (-1506)/27. What is the greatest common factor of 7 and t?
7
Suppose 3*g - 12 = 0, -2*g = k - 3*g + 1. Suppose -k*m + 4 + 18 = -2*y, -4*m + 31 = -y. What is the greatest common factor of 64 and m?
8
Let j be ((-378)/(-24) + (-6)/8)*93. Calculate the highest common divisor of j and 30.
15
Let q(v) = -6*v - 7. Let k be q(17). Let r = 131 + k. Let n be (-2)/(-6)*-22*-3. What is the highest common divisor of r and n?
22
Let p = 42 + -35. Let j be (26/(-4))/(p/(-14)). What is the highest common divisor of 52 and j?
13
Let b be -9 + 6 - 23*-1. Suppose -128 = -2*q - b. Calculate the greatest common divisor of q and 27.
27
Suppose r = x - 1, -x + 23 = 2*x + 2*r. Suppose -5*z - 5*p + 3 = -2*p, -2*p + 7 = x*z. Suppose z*d - 61 = 335. Calculate the greatest common factor of 12 and d.
12
Suppose -3*g - 5*f = 20, -4*g + 2*f + 0 + 8 = 0. Suppose g = m - 2*l - 110, l - 383 = -5*m + 156. Calculate the greatest common divisor of 12 and m.
12
Suppose -27*f + 1987 + 1901 = 0. What is the greatest common divisor of 9 and f?
9
Let y(i) = i**3 - 4*i**2 + 2*i + 2. Let d be y(3). Let u be 10/(4 + -2) + d. Suppose 4 + 0 = u*s. Calculate the greatest common divisor of s and 3.
1
Let d = 417 + -93. What is the greatest common divisor of d and 12?
12
Suppose 3*q + 0*q + 4*r = 208, 2*r = -4. Let g = -58 + 54. Let t be 4 + (g + 4 - -4). What is the highest common divisor of q and t?
8
Let m be 2 + 67 - (1 - 7). What is the greatest common divisor of 100 and m?
25
Let r(p) = -p**2 - 5*p + 8. Let k be r(-6). Suppose 2*l + 50 = 5*m, -4*l = -m + k*m - 32. Calculate the greatest common factor of 84 and m.
12
Suppose 2 = -3*l + 4*l. Suppose c = -3*h + 14, c + 0*c = l*h - 1. Suppose 0 - 1 = -3*n - 4*o, 3*n - 3*o = 15. What is the greatest common factor of n and h?
3
Suppose -p - 4 + 6 = 0. Suppose f = 4*m + 24, p*f + m = -f + 98. Calculate the greatest common factor of f and 4.
4
Let q(o) = -o - 13. Let d be q(-23). Let z be ((-55)/d)/((-2)/4). Calculate the greatest common divisor of 44 and z.
11
Suppose 2*i - 23 = -19. Suppose -a - 2*d - 4 = -3*d, -i*d + 14 = 4*a. Let u = 15 - 14. Calculate the highest common divisor of u and a.
1
Suppose k - 2*y = 14, 0 = -4*k + 5*y + 43 + 4. Let i = -19 - -107. What is the greatest common divisor of i and k?
8
Let n(u) = -4*u - 7. Let g be n(-4). Let x(s) = -g*s**2 - s**3 + 1 + 3*s - s - 11. Let h be x(-10). Calculate the greatest common factor of h and 10.
10
Let z = -1 - -3. Let b be 2 - (3 - z - 2). Suppose b*s + k = -3*k + 68, 3*k + 75 = 3*s. Calculate the highest common divisor of s and 168.
24
Let j = -999 + 5955. Calculate the highest common divisor of 12 and j.
12
Let m(g) = g**2 - 3*g + 10. Let h be m(5). Let i = h + -20. Suppose 5*u + 55 = 2*j + 4*u, 4*j - 3*u - 105 = i. Calculate the greatest common factor of 10 and j.
10
Suppose -3*f - 15 = 0, p - 4*p = -4*f - 65. Suppose 0 = -5*w + p, -4*j + 5*w = -238 - 247. Calculate the greatest common divisor of 50 and j.
25
Suppose 3*x = m - 0*x - 26, x = -m + 46. Suppose m = z - 4*o - 91, o = -3*z + 370. Calculate the greatest common divisor of 31 and z.
31
Let u(d) = 77*d**3 - d**2 - d + 1. Let s be u(1). Calculate the highest common factor of s and 988.
76
Let n = 17 - -1. What is the highest common divisor of 225 and n?
9
Suppose -u - 3*t = -11, -1 = -5*u - t + 4*t. Let v be u + -1 - (-10 - 1). Let h be (0 + 1)/((-1)/(-4))*2. What is the highest common divisor of h and v?
4
Suppose -3*t - 226 + 967 = 4*m, -3*t + 4*m = -741. Calculate the greatest common divisor of 13 and t.
13
Let b be 3 + (-2577)/(-3) + 1. Suppose 314 = -5*w - 4*v + 1178, -3*v + b = 5*w. Calculate the greatest common factor of 43 and w.
43
Let t be ((-17)/(51/7256))/((-4)/6). Suppose 1054 = -11*d + t. What is the highest common divisor of d and 26?
26
Suppose -37*z = -10*z - 729. What is the highest common divisor of 27 and z?
27
Let z(a) = 2*a**2 - a - 12. Let k be z(-5). Suppose -2*n = 5*g + 16 - k, 4*n - 2*g = 90. What is the highest common factor of 3 and n?
3
Suppose 0 = u + u + 2*c - 160, -397 = -5*u - 4*c. What is the highest common factor of u and 7?
7
Let n = 254 + -194. What is the greatest common factor of n and 15?
15
Let h = 14162 - 8086. Let v be (h/52)/1 - 2/(-13). What is the greatest common factor of 9 and v?
9
Let c be (-99)/(-9) - (-2 + 7). What is the greatest common divisor of 24 and c?
6
Suppose -108 = -5*w - s - 2*s, s = -3*w + 64. Suppose -6*v - 5 + 47 = 0. Suppose 0 = -0*u + v*u - 49. What is the greatest common divisor of u and w?
7
Suppose 29 = -7*l + 162. Calculate the highest common divisor of 171 and l.
19
Let a be 10/(-15) - 12272/(-48). What is the greatest common divisor of a and 195?
15
Suppose 130 = 5*x - 5*w, 0*x + 38 = x - 5*w. Suppose 7*y - x = -9. Calculate the greatest common factor of 18 and y.
2
Suppose 4*w - 275 + 47 = 0. Let r = 112 - w. What is the highest common factor of 11 and r?
11
Let a be (-2385)/(-21) + 60/140. Calculate the highest common divisor of 57 and a.
57
Suppose 4*o + 7 = u - 4, -2*o = -5*u + 19. Let s be ((-16)/(-20))/(o/(-10)). Calculate the highest common divisor of s and 4.
4
Suppose 5*f + 470 = 3*q, 0 = -3*q - q + 2*f + 636. Suppose -5*o - 10 = -q. Calculate the greatest common factor of o and 10.
10
Suppose q + 3*h = -0*q + 26, -5*h - 78 = -3*q. Let c = -17 + q. What is the highest common factor of c and 15?
3
Let p be (-18)/6*4*18/(-12). Calculate the highest common factor of 16 and p.
2
Let j(z) = z**3 - 8*z**2 + 11*z - 19. Let q be (2/6)/(2/42). Let i be j(q). What is the highest common divisor of 99 and i?
9
Let h(m) = m**2 - 15*m - 15. Let y be h(16). Suppose 4*x + 2*t - 32 = 7*t, -2*t = -4*x + 20. Calculate the highest common divisor of x and y.
1
Let o(v) = -v**2 + v. Let c(q) = -16*q**2 + 12*q - 8. Let u(w) = -c(w) + 10*o(w). Let f be u(-4). Calculate the highest common factor of f and 16.
16
Let z be (-4)/(-10) - (-69)/15. Suppose -3*w = -2*w - 2*t - 39, z*w - t - 222 = 0. Calculate the highest common divisor of 5 and w.
5
Let f(j) = j**3 + 8*j**2 - 5*j - 6. Let q be f(-6). Let w be 0 - 96/((-16)/4). Calculate the greatest common divisor of w and q.
24
Let h = -1696 + 1728. What is the greatest common divisor of 200 and h?
8
Let r = -43 - -69. Let x = r - 3. What is the highest common divisor of x and 115?
23
Let l = 1437 + -1422. Calculate the greatest common divisor of 190 and l.
5
Let f be (2/6)/(1/3). Suppose -3 + 4 = -5*p - 3*h, -p + 11 = -5*h. Let m be (f + 21)*2/p. Calculate the greatest common divisor of 4 and m.
4
Suppose 26816 = 10*y + 816. What is the highest common divisor of y and 52?
52
Let x(b) = -23*b + 16. Let g be x(8). Let f be (4/3)/(1/246). Let c = f + g. Calculate the greatest common factor of 20 and c.
20
Suppose 2*k - 3*r + 0*r - 6 = 0, 4*k + 2*r - 44 = 0. Suppose j + 5*q - k = 22, -4*j - 2*q = -106. Calculate the greatest common factor of 13 and j.
13
Suppose -182*q + 11286 = -128*q. What is the greatest common divis